oes 20 divide 456800?
True
Does 375 divide 989625?
True
Is 574 a factor of 4505062?
False
Does 199 divide 174648?
False
Is 133 a factor of 2569427?
True
Is 94 a factor of 504184?
False
Is 197 a factor of 302727?
False
Does 56 divide 1314583?
False
Is 11349 a multiple of 8?
False
Is 413440 a multiple of 183?
False
Does 2 divide 192293?
False
Is 23 a factor of 802555?
False
Is 8 a factor of 13798768?
True
Does 35 divide 2411681?
False
Is 208222 a multiple of 981?
False
Does 5 divide 417992?
False
Is 134 a factor of 2632564?
True
Is 255734 a multiple of 15?
False
Does 28 divide 70685?
False
Is 361 a factor of 10745308?
False
Does 103 divide 852119?
True
Is 72 a factor of 56173?
False
Is 20 a factor of 831203?
False
Is 166 a factor of 515264?
True
Does 34 divide 99501?
False
Does 14 divide 937370?
True
Does 17 divide 248166?
True
Is 4735 a multiple of 9?
False
Does 326 divide 5039668?
False
Is 2599232 a multiple of 16?
True
Is 615777 a multiple of 49?
False
Is 1114103 a multiple of 76?
False
Does 473 divide 8202992?
False
Does 10 divide 5774328?
False
Does 5 divide 89662?
False
Is 1361683 a multiple of 222?
False
Does 379 divide 17255870?
True
Does 771 divide 2341527?
True
Is 66 a factor of 4224104?
False
Does 375 divide 1356750?
True
Does 29 divide 452571?
False
Is 427 a factor of 1379210?
True
Is 23 a factor of 286439?
False
Does 11 divide 704222?
False
Is 47 a factor of 610154?
True
Does 11 divide 118228?
True
Does 777 divide 3931620?
True
Is 2194472 a multiple of 28?
True
Is 22126 a multiple of 13?
True
Is 1238 a factor of 23642789?
False
Is 11 a factor of 32004?
False
Is 867019 a multiple of 3?
False
Does 7 divide 267445?
False
Does 104 divide 4986176?
True
Is 94200 a multiple of 61?
False
Is 33942 a multiple of 15?
False
Is 595 a factor of 144708?
False
Is 5 a factor of 463745?
True
Is 37074 a multiple of 2?
True
Does 39 divide 19500?
True
Is 97 a factor of 1292570?
False
Is 299012 a multiple of 413?
True
Does 12 divide 144484?
False
Is 56 a factor of 1595119?
False
Is 42237 a multiple of 111?
False
Does 6 divide 85027?
False
Is 172 a factor of 27520?
True
Is 75331 a multiple of 7?
False
Is 24 a factor of 7980464?
False
Is 2530950 a multiple of 50?
True
Does 53 divide 62808?
False
Does 6 divide 29478?
True
Is 177923 a multiple of 183?
False
Does 718 divide 9304562?
True
Does 31 divide 1472728?
False
Does 5 divide 4320?
True
Is 441 a factor of 544069?
False
Is 388062 a multiple of 419?
False
Does 32 divide 2481738?
False
Does 66 divide 86460?
True
Is 16 a factor of 48094?
False
Is 32 a factor of 6360480?
True
Does 10 divide 108460?
True
Is 30562 a multiple of 14?
True
Is 425802 a multiple of 53?
True
Is 3492270 a multiple of 15?
True
Does 46 divide 20378?
True
Is 5971 a multiple of 35?
False
Is 60112 a multiple of 16?
True
Does 266 divide 2204220?
False
Is 4 a factor of 217033?
False
Does 1024 divide 583680?
True
Does 4 divide 5074144?
True
Is 100665 a multiple of 45?
True
Does 41 divide 7830877?
True
Is 63460 a multiple of 38?
True
Is 18 a factor of 3390?
False
Is 8228805 a multiple of 95?
True
Is 907312 a multiple of 61?
False
Does 5 divide 221135?
True
Does 4 divide 17592?
True
Does 17 divide 22302?
False
Does 855 divide 1693755?
True
Is 19 a factor of 16140230?
False
Is 228 a factor of 207252?
True
Is 87 a factor of 171390?
True
Is 65 a factor of 145860?
True
Does 425 divide 1604375?
True
Does 189 divide 1768193?
False
Does 12 divide 207585?
False
Is 23 a factor of 118430?
False
Is 119 a factor of 312729?
False
Is 683551 a multiple of 11?
True
Is 238875 a multiple of 13?
True
Is 42 a factor of 2183543?
False
Is 10 a factor of 81880?
True
Is 28 a factor of 4172868?
True
Is 16048 a multiple of 103?
False
Is 1137726 a multiple of 125?
False
Is 4194441 a multiple of 207?
True
Is 11 a factor of 320881?
True
Is 1093 a factor of 400038?
True
Is 5238167 a multiple of 19?
True
Is 25 a factor of 298985?
False
Does 81 divide 46737?
True
Is 249 a factor of 1376472?
True
Is 1216894 a multiple of 14?
True
Is 332769 a multiple of 94?
False
Is 452788 a multiple of 21?
False
Is 126666 a multiple of 558?
True
Is 304434 a multiple of 79?
False
Does 11 divide 14808320?
False
Does 67 divide 241799?
False
Does 21 divide 3358889?
False
Is 190 a factor of 1005241?
False
Is 165067 a multiple of 113?
False
Is 191 a factor of 289595?
False
Is 15 a factor of 376995?
True
Does 17 divide 245361?
True
Does 180 divide 40935?
False
Is 24 a factor of 946217?
False
Is 77685 a multiple of 39?
False
Is 117 a factor of 106186?
False
Is 8891867 a multiple of 19?
True
Is 12239705 a multiple of 284?
False
Does 13 divide 3501097?
False
Does 5 divide 1427902?
False
Does 174 divide 38802?
True
Does 865 divide 3089528?
False
Is 424956 a multiple of 84?
True
Is 596020 a multiple of 20?
True
Is 418324 a multiple of 46?
True
Is 261 a factor of 6101658?
True
Does 836 divide 1175297?
False
Does 9 divide 11746?
False
Is 2004496 a multiple of 838?
True
Does 7 divide 219962?
False
Is 699415 a multiple of 18?
False
Does 91 divide 271272?
False
Does 108 divide 387180?
True
Is 1459314 a multiple of 51?
True
Does 7 divide 872242?
True
Is 685214 a multiple of 45?
False
Is 713519 a multiple of 158?
False
Does 60 divide 538266?
False
Does 123 divide 2907720?
True
Is 127 a factor of 4971010?
False
Is 6 a factor of 256242?
True
Is 237 a factor of 381096?
True
Does 9 divide 2802846?
False
Does 448 divide 1060742?
False
Is 2 a factor of 6242?
True
Is 145080 a multiple of 260?
True
Is 6949 a multiple of 13?
False
Does 14 divide 74662?
True
Does 15 divide 18352845?
True
Is 3375755 a multiple of 40?
False
Is 77438 a multiple of 26?
False
Is 6435618 a multiple of 142?
False
Does 5 divide 118225?
True
Does 153 divide 75125?
False
Is 956 a factor of 12733920?
True
Is 88389 a multiple of 69?
True
Is 40 a factor of 153520?
True
Is 10 a factor of 1850000?
True
Is 10 a factor of 2838690?
True
Does 13 divide 45870?
False
Is 10588290 a multiple of 10?
True
Is 277 a factor of 15605046?
False
Is 218 a factor of 4465512?
True
Does 127 divide 262255?
True
Is 369 a factor of 168125?
False
Is 199688 a multiple of 436?
True
Does 79 divide 2070686?
False
Does 51 divide 96510?
False
Does 726 divide 611929?
False
Is 17 a factor of 7321893?
False
Is 13 a factor of 432704?
False
Is 148 a factor of 11763780?
True
Is 2020200 a multiple of 21?
True
Does 41 divide 130263?
False
Is 199 a factor of 8330676?
False
Does 46 divide 2187668?
True
Is 13 a factor of 5568751?
False
Is 365930 a multiple of 43?
True
Is 19242 a multiple of 5?
False
Is 220 a factor of 378694?
False
Is 35 a factor of 124812?
False
Is 174622 a multiple of 364?
False
Does 10 divide 14123?
False
Is 673 a factor of 6010523?
False
Is 125948 a multiple of 74?
True
Does 45 divide 1332315?
True
Does 3 divide 47385?
True
Is 152842 a multiple of 311?
False
Does 243 divide 169816?
False
Is 44772 a multiple of 164?
True
Is 337260 a multiple of 14?
True
Is 77 a factor of 511361?
False
Is 57236 even?
True
Is 133590 a multiple of 14?
False
Is 318766 a multiple of 16?
False
Is 18977178 a multiple of 246?
True
Is 5828845 a multiple of 809?
True
Does 19 divide 108044?
False
Is 65 a factor of 1317731?
False
Does 100 divide 2278200?
True
Is 283317 a multiple of 5?
False
Is 368986 a multiple of 118?
True
Is 82145 a multiple of 35?
True
Is 60 a factor of 104580?
True
Is 2293184 a multiple of 318?
False
Is 231311 a multiple of 80?
False
Is 72 a factor of 1283544?
True
Is 152556 a multiple of 7?
False
Does 32 divide 219252?
False
Does 12 divide 3146352?
True
Is 897 a factor of 366466?
False
Is 46 a factor of 379154?
False
Is 1015128 a multiple of 414?
True
Is 76 a factor of 19505?
False
Does 19 divide 7726274?
True
Is 16 a factor of 92014?
False
Is 135 a factor of 22569424?
False
Does 256 divide 1436672?
True
Is 231 a factor of 2616768?
True
Is 8271518 a multiple of 10?
False
Is 707868 a multiple of 212?
True
Does 21 divide 1257039?
True
Does 10 divide 2892840?
True
Is 24 a factor of 6169554?
False
Is 33 a factor of 96555?
False
Does 26 divide 11475450?
False
Does 205 divide 18058?
False
Is 105 a factor of 128705?
False
Is 70992 a multiple of 12?
True
Does 2 divide 53412?
True
Does 816 divide 2119466?
False
Is 26 a factor of 7251002?
False
Does 25 divide 260472?
False
Does 31 di